1*-2 + q)*-1?
10
Let x = 117 - 53. Calculate the remainder when 66 is divided by ((-175)/(-28))/(-4*(-4)/x).
16
Let o(u) = -3*u**3 - 6*u**2 - u + 3. Let d be o(-2). Suppose -d*f = -15*f - 30. What is the remainder when ((-36)/(-8) + f)*(-284)/(-6) is divided by 20?
11
Let z(g) be the second derivative of -70*g**3/3 + 31*g**2 - 2*g - 29. What is the remainder when z(-4) is divided by 52?
50
Suppose -8*v + 183 + 151 = -10. Calculate the remainder when 673 is divided by v.
28
Let c(a) = -a**3 - 14*a**2 - 6*a + 8. Suppose -4 = 8*p - 20. Suppose -p*u - 2*m + 8 = -64, 2*u + 4*m = 82. Calculate the remainder when c(-14) is divided by u.
30
Let h = 18 - 13. Suppose d + 12 = h*d. Calculate the remainder when 7 is divided by ((-11 - d) + 4)/(-2).
2
Suppose -336*n + 828 = -331*n - 2*h, -5*n + 5*h + 825 = 0. Calculate the remainder when n is divided by 59.
48
Let m(w) be the second derivative of w**4/12 + w**3/6 + 5*w**2/2 - 64*w + 1. Calculate the remainder when 177 is divided by m(4).
2
Let y(s) = -s**2 + 14*s - 21. Let n = 0 - -4. Suppose 0*k + 4*a = 2*k - 28, -4*k + n*a = -36. Calculate the remainder when 29 is divided by y(k).
10
Suppose -450 - 278 = -52*d. Suppose d*l = -0*l + 98. Calculate the remainder when 131 is divided by l.
5
Suppose 0 = -3*s - 2*b + 8478, -8490 = -3*s + 4*b - 2*b. Suppose -15*l = -11*l - s. Suppose -4 = -9*k + l. Calculate the remainder when k is divided by 22.
13
Suppose 95*u + p + 733 = 98*u, 8 = 4*p. Calculate the remainder when u is divided by 82.
81
Let w(u) = -u**3 + u**2 + 19*u + 30. Calculate the remainder when 515 is divided by w(-2).
3
Suppose 0 = -4*r + 2*w + 332, -r + 85 - 12 = -3*w. Suppose -f - 14 = -5*b, 13 = 2*f - f + 4*b. What is the remainder when -5*f/(-5) + r is divided by 23?
17
Let i be (879/6)/((-3)/42). Let j be i/42 + 2/(-12). Let r = j - -106. What is the remainder when r is divided by 15?
12
Let f(p) = -p - 8. Let g be f(-2). Let c be 6/3 + g + -40. Let v = c - -106. What is the remainder when v is divided by 16?
14
Calculate the remainder when (-30 + 26 - -1152) + (8/(-2))/2 is divided by 7.
5
Let x = 7 + -3. Suppose -2*y + 23 = 3*z, x*z - 10 - 24 = -2*y. Let u(m) = 6*m - 27. What is the remainder when u(13) is divided by z?
7
Suppose w = -5*a + 240, -3*w - 149 = -5*a + 91. What is the remainder when 66 is divided by a?
18
Suppose 3*b = -4*m - 5, 0*b + 3*m - 33 = 3*b. Let i(y) = y**2 + 16*y + 79. Calculate the remainder when 47 is divided by i(b).
15
Let j = -10 + 36. Let h = -407 + 123. Let u = h + 360. What is the remainder when u is divided by j?
24
Let j = 49 + -39. What is the remainder when 1359/12*(1 + j/6) is divided by 8?
6
Suppose 0 = -y - t - 71 + 240, 171 = y - t. Suppose y - 570 = -10*h. Calculate the remainder when 78 is divided by h.
38
Let t be 215 + -6 + (-10)/(-5). Let k = t + -187. Calculate the remainder when k is divided by 14.
10
Suppose -13 = 2*a - g, -58 = 5*a + 2*g - 12. Suppose 3*t + 3*d = 2*t + 22, 2*d = 5*t - 93. Calculate the remainder when 31 - (5 + 2 + a)*1 is divided by t.
13
Suppose -9*l + 171 = -169 + 52. Calculate the remainder when 890 is divided by l.
26
Let w = -26 + 29. Suppose 2*l + 4*d = 26, -2*d - 24 = -4*l - w*d. Suppose -l*b + 307 = -2*m - m, -m + 1 = 0. Calculate the remainder when b is divided by 22.
18
Calculate the remainder when 673 + (-3)/6 + 27/(-6) is divided by 135.
128
Suppose -4 - 41 = -9*v. Suppose 0 = v*l - 5*s + 11 - 141, 3*l - s - 84 = 0. Calculate the remainder when 86 is divided by l.
28
Suppose -19*a = a - 280. Suppose 5*l + 0*l = 210. Calculate the remainder when 2/a - (-1800)/l is divided by 11.
10
Let c be (-1 + -1)/(6/9) + 11. Suppose -509 - 227 = -c*m. What is the remainder when m is divided by 26?
14
Let i = 1257 + -792. What is the remainder when i is divided by 79?
70
Suppose -4*b + l + 42 = 0, 18*b = 23*b - 2*l - 48. What is the remainder when 2061 is divided by b?
9
Suppose -5*p - 3*i - 22 = -148, -3*p = 2*i - 75. Let n(u) = u**3 - 4*u**2 - 3*u + 2. Calculate the remainder when p is divided by n(5).
3
Let q(y) = y**2 - 3*y + 5. Let x(w) = 248*w**2 + 6*w + 10. Let j be x(-2). Suppose -j = 303*n - 318*n. Calculate the remainder when n is divided by q(6).
20
Suppose -4*q + 5*s + 22 = 0, -4*s - 1 + 2 = 3*q. Suppose q*t - 40 = -5*m + 8*t, 0 = m + 4*t + 2. Calculate the remainder when m is divided by 1.
0
What is the remainder when (25 + -27 - (-195 - (2 - 5))) + 4 is divided by 74?
46
Suppose -3*x = -2*k - 662 - 2034, 4*x - 3593 = 3*k. Suppose x*b - 901*b = 18. Let u(v) = -7*v + 2. Calculate the remainder when u(-4) is divided by b.
12
Suppose 3*v - 4 - 470 = 0. Suppose 9*y + v - 689 = 0. Calculate the remainder when y is divided by 11.
4
Let a = -154 - -228. Let v = -35 + a. Let z = v + -32. What is the remainder when 27 is divided by z?
6
Suppose 144*h - 26732 = 28564. What is the remainder when 1928 is divided by h?
8
Suppose -2*l + t + 600 = -281, 893 = 2*l + 3*t. Suppose 0 = -7*c - 6*c + l. Calculate the remainder when c is divided by 19.
15
Let h(u) = -3*u + 32. Suppose 32 = 16*x - 1104. Suppose p = x - 65. What is the remainder when 26 is divided by h(p)?
12
Let o(n) = 3*n**3 - 5*n**2 - 6. Let g be o(2). Calculate the remainder when 15*(16/3 + -2) is divided by (-560)/(-32) + g/4 - 4.
11
Suppose -3*o - 4*u - 146 = 16, 5*u = -2*o - 101. Calculate the remainder when o/(11/(66/(-12))) is divided by 17.
12
Suppose -o + 97 = 2*d - 36, 0 = d - 3*o - 63. Let l(z) = -30*z - 193. What is the remainder when d is divided by l(-7)?
15
Suppose 24*o - 11*o = -7*o + 423280. Calculate the remainder when o is divided by 38.
36
Suppose -11768 = -113*w + 1227. Calculate the remainder when w is divided by 15.
10
Suppose 0 = 104*u - 114713 - 81535. What is the remainder when u is divided by 54?
51
Let t = 80 + -80. Suppose 3*z + 4*z - 406 = t. Calculate the remainder when 225 is divided by z.
51
Let p(o) = -338*o + 7543. Let k = 60 + -24. Calculate the remainder when p(22) is divided by k.
35
Let i(c) = 497*c**2 + 11*c. Let r be i(2). What is the remainder when ((-6)/10)/(-10 - (-20094)/r) is divided by 35?
26
Suppose 65 = 2*q - 61. Suppose -606 - 98 = -16*r. Suppose 12 - r = -2*x. What is the remainder when q is divided by x?
15
Suppose 2*j + 2*v = 6*v + 48, 3*v - 54 = -3*j. What is the remainder when 160 is divided by j?
0
Let f(k) = k**3 - 4*k**2 + 7*k - 19. Let r be f(6). Suppose -17 = -7*s + r. What is the remainder when 57 is divided by s?
9
Suppose -2*i + 0*i + 4 = -2*d, 3*i - 3 = 4*d. Suppose -5 = -5*p, 0 = 3*c - 2*p + d*p - 538. Calculate the remainder when c is divided by 26.
23
Let o(d) = -6*d**3 - 11*d**2 - 9*d - 31. Suppose -4*k - t + 223 = 42, 190 = 4*k - 2*t. What is the remainder when o(-3) is divided by k?
13
Let y = 25 + -40. Let k = y - -27. Let l = -510 - -517. Calculate the remainder when k is divided by l.
5
Suppose r - 326 = -3*c, -2*c + 6*c = 5*r + 441. Suppose 0 = -h + c - 38. What is the remainder when 208 is divided by h?
66
Let h(v) = -v**2 + v + 67. Suppose b + 254 = -5*k, 0 = -5*k - b - 4*b - 250. What is the remainder when h(0) is divided by (-34)/102*k*2?
33
Suppose -w + 75 = 14. Let l = 48 - 32. Calculate the remainder when w is divided by l*-2*4/28*-7.
29
Suppose -212*s + 5960 = 68*s + 18*s. What is the remainder when 665 is divided by s?
5
Suppose 0 = 4*f + 4*a - 1776, -136*f + 140*f = -a + 1779. What is the remainder when f is divided by 64?
61
Let g = 161 - 104. Let i = 122 - g. Suppose -4*d = -7 - i. Calculate the remainder when 67 is divided by d.
13
Calculate the remainder when 779 is divided by 64/(-3)*(-13 + (-132)/(-24)).
139
Let g = -287 - -366. Suppose j = -2*k + 14, 2*j - 7*j - 18 = -k. What is the remainder when g is divided by k?
7
Suppose 6*y = 3*y. Suppose 2*h = 0, z - 11 = -h - y*h. Let o = 15885 + -15867. Calculate the remainder when o is divided by z.
7
Suppose 94 = -4*f - o + 163, 7*f + o - 123 = 0. What is the remainder when (-6)/2*(-179)/3 is divided by f?
17
Let r(k) = -k**3 + 43*k**2 + 93*k - 26. Let z be r(45). Suppose -33*p - z = -505. What is the remainder when 71 is divided by p?
11
Suppose 5*d = -0*o + 3*o - 857, 0 = 3*o - 4*d - 853. Calculate the remainder when o is divided by (-370)/(-50) + 5088/80.
66
Let y(p) = -520*p - 4577. What is the remainder when 2465 is divided by y(-9